divisor of 437 and 855.
19
Calculate the greatest common divisor of 305 and 488.
61
What is the greatest common factor of 25 and 4075?
25
Calculate the greatest common factor of 59 and 7.
1
What is the greatest common factor of 255 and 170?
85
Calculate the highest common divisor of 7 and 28.
7
Calculate the highest common factor of 30210 and 6.
6
Calculate the highest common factor of 7190 and 50.
10
What is the greatest common factor of 13 and 871?
13
What is the greatest common factor of 9485 and 35?
35
Calculate the greatest common divisor of 578 and 2.
2
Calculate the highest common divisor of 60 and 630.
30
Calculate the greatest common divisor of 10212 and 368.
92
What is the highest common divisor of 74 and 28601?
37
Calculate the highest common factor of 12467 and 35.
7
Calculate the highest common factor of 54 and 54.
54
Calculate the greatest common factor of 1696 and 106.
106
What is the highest common divisor of 75 and 175?
25
Calculate the greatest common factor of 5210 and 10.
10
What is the greatest common divisor of 51 and 2091?
51
Calculate the highest common divisor of 9352 and 56.
56
Calculate the greatest common factor of 118 and 2891.
59
Calculate the greatest common factor of 680 and 16.
8
What is the highest common factor of 513 and 19?
19
Calculate the greatest common divisor of 464 and 29.
29
What is the highest common factor of 115 and 4715?
115
Calculate the greatest common factor of 54 and 1431.
27
What is the greatest common divisor of 20 and 460?
20
Calculate the greatest common factor of 616 and 473.
11
Calculate the greatest common divisor of 1150 and 10.
10
What is the highest common divisor of 741 and 52?
13
Calculate the greatest common divisor of 19551 and 7.
7
What is the greatest common factor of 15 and 165?
15
What is the greatest common factor of 216 and 128?
8
What is the greatest common factor of 20 and 1060?
20
Calculate the greatest common divisor of 6 and 1383.
3
What is the greatest common factor of 712 and 8?
8
Calculate the highest common divisor of 170 and 90.
10
What is the highest common factor of 7 and 4?
1
What is the greatest common factor of 2222 and 1166?
22
Calculate the highest common divisor of 388 and 5141.
97
Calculate the greatest common divisor of 2706 and 264.
66
What is the greatest common factor of 9 and 9?
9
Calculate the highest common factor of 930 and 6.
6
Calculate the highest common factor of 127 and 254.
127
Calculate the greatest common factor of 24 and 108.
12
Calculate the greatest common factor of 120 and 510.
30
What is the highest common factor of 22 and 1056?
22
What is the greatest common factor of 4094 and 92?
46
Calculate the highest common factor of 729 and 45.
9
Calculate the greatest common divisor of 69 and 92.
23
What is the greatest common factor of 25 and 1340?
5
Calculate the highest common factor of 600 and 4350.
150
Calculate the highest common factor of 2023 and 119.
119
Calculate the highest common divisor of 329 and 188.
47
What is the greatest common divisor of 84 and 525?
21
What is the highest common divisor of 25 and 45?
5
Calculate the highest common divisor of 216 and 64.
8
What is the greatest common divisor of 16 and 5528?
8
What is the greatest common factor of 4202 and 22?
22
What is the greatest common divisor of 50 and 1990?
10
What is the greatest common factor of 4 and 92?
4
What is the greatest common divisor of 1378 and 318?
106
Calculate the greatest common factor of 5291 and 91.
13
Calculate the highest common divisor of 90 and 13635.
45
Calculate the greatest common factor of 135 and 1269.
27
Calculate the greatest common divisor of 210 and 3675.
105
What is the highest common divisor of 27055 and 35?
35
Calculate the highest common factor of 4392 and 30.
6
Calculate the highest common factor of 28 and 11459.
7
What is the greatest common factor of 40 and 280?
40
What is the highest common divisor of 1292 and 76?
76
Calculate the highest common factor of 7 and 406.
7
What is the greatest common factor of 7654 and 86?
86
Calculate the greatest common factor of 1392 and 12.
12
What is the greatest common factor of 429 and 26?
13
What is the highest common factor of 185 and 555?
185
Calculate the greatest common factor of 25 and 25.
25
What is the greatest common factor of 8932 and 3388?
308
What is the highest common divisor of 66 and 1298?
22
What is the greatest common divisor of 8 and 376?
8
Calculate the greatest common factor of 400 and 125.
25
What is the highest common factor of 3295 and 5?
5
Calculate the greatest common divisor of 53 and 3180.
53
Calculate the greatest common divisor of 1144 and 91.
13
Calculate the greatest common divisor of 170 and 2720.
170
What is the greatest common divisor of 580 and 20?
20
What is the greatest common divisor of 91 and 63?
7
Calculate the greatest common factor of 49 and 1652.
7
Calculate the greatest common divisor of 434 and 154.
14
What is the greatest common factor of 45 and 27?
9
What is the greatest common factor of 3489 and 1?
1
Calculate the greatest common divisor of 1827 and 435.
87
Calculate the highest common factor of 5157 and 9.
9
Calculate the highest common factor of 47 and 3.
1
Calculate the greatest common factor of 1375 and 4250.
125
What is the highest common factor of 3 and 899?
1
Calculate the greatest common factor of 103 and 2.
1
What is the highest common divisor of 50 and 425?
25
Calculate the highest common factor of 48174 and 62.
62
Calculate the greatest common factor of 244 and 4.
4
What is the highest common divisor of 30 and 800?
10
What is the highest common divisor of 266 and 57?
19
What is the greatest common divisor of 18 and 666?
18
Calculate the highest common factor of 1254 and 114.
114
Calculate the highest common factor of 1519 and 155.
31
Calculate the greatest common divisor of 4 and 1184.
4
Calculate the highest common divisor of 364 and 56.
28
Calculate the greatest common factor of 5 and 3.
1
Calculate the greatest common factor of 1073 and 37.
37
Calculate the highest common divisor of 4029 and 51.
51
Calculate the highest common factor of 62 and 434.
62
Calculate the highest common factor of 182 and 338.
26
Calculate the highest common factor of 936 and 6.
6
Calculate the highest common factor of 44 and 572.
44
What is the greatest common factor of 280 and 680?
40
What is the highest common divisor of 203 and 77?
7
Calculate the highest common divisor of 50 and 475.
25
What is the greatest common divisor of 3190 and 880?
110
What is the highest common divisor of 7 and 38395?
7
Calculate the highest common factor of 98 and 637.
49
Calculate the highest common factor of 98 and 147.
49
What is the highest common factor of 44 and 2662?
22
Calculate the highest common divisor of 783 and 297.
27
Calculate the highest common factor of 580 and 540.
20
Calculate the highest common divisor of 15 and 375.
15
What is the greatest common factor of 384 and 42?
6
Calculate the greatest common factor of 450 and 24.
6
Calculate the greatest common factor of 1365 and 3705.
195
Calculate the greatest common divisor of 711 and 79.
79
What is the greatest common divisor of 15226 and 69?
23
Calculate the greatest common divisor of 520 and 176.
8
Calculate the greatest common factor of 57 and 627.
57
Calculate the greatest common divisor of 1015 and 91.
7
Calculate the highest common factor of 284 and 4.
4
What is the greatest common divisor of 28665 and 45?
45
Calculate the greatest common divisor of 4154 and 134.
134
Calculate the greatest common divisor of 45 and 480.
15
Calculate the highest common factor of 44 and 99.
11
Calculate the greatest common divisor of 374 and 22.
22
What is the highest common divisor of 24 and 150?
6
Calculate the greatest common divisor of 153 and 2346.
51
What is the greatest common factor of 2 and 83?
1
What is the highest common factor of 45 and 630?
45
What is the highest common factor of 327 and 15?
3
Calculate the highest common divisor of 11376 and 576.
144
Calculate the greatest common divisor of 60 and 20.
20
What is the greatest common divisor of 4554 and 54?
18
What is the highest common divisor of 302 and 40166?
302
Calculate the highest common factor of 144 and 54.
18
Calculate the highest common factor of 17